{"id":225348,"date":"2026-08-31T13:12:13","date_gmt":"2026-08-31T11:12:13","guid":{"rendered":"https:\/\/hardangerfolkemuseum.no\/program_\/to-i-takt-copy\/"},"modified":"2026-08-31T13:16:51","modified_gmt":"2026-08-31T11:16:51","slug":"to-i-takt-copy","status":"publish","type":"ajde_events","link":"https:\/\/hardangerfolkemuseum.no\/en\/program_\/to-i-takt-copy\/","title":{"rendered":"To i takt \/ In Step"},"content":{"rendered":"<h1>Dance Performance: <em>To i takt<\/em> (In Step)<\/h1>\n<p class=\"isSelectedEnd\">On Friday, 25 September at 6:30 PM, Hardanger Folk Museum is delighted to invite you to a dance performance in the main hall.<\/p>\n<p class=\"isSelectedEnd\"><em>To i takt<\/em> is an intimate and physical folk dance performance about the relationship between two young men. The encounter between the one who takes up space and the one who would rather disappear into the crowd is explored through halling, partner dancing and acrobatic interaction. In the contrast between being strong and being vulnerable, being visible and being invisible, a space for reflection opens up: Can we manage to find a shared rhythm, even when we are very different?<\/p>\n<p class=\"isSelectedEnd\">The performance is based on traditional folk dance and folk music and is suitable for all ages. The story is shaped by current and relevant events and genuine encounters that both challenge and move us. Perhaps it is about friendship. Perhaps about brotherhood. Perhaps about the struggles in life that you do not always have to face alone. Sometimes we have to fall in order to rise again stronger.<\/p>\n<p class=\"isSelectedEnd\">Do we dare to lose our own footing in order to support someone else who is in danger of losing theirs?<\/p>\n<h3>Participants<\/h3>\n<p class=\"isSelectedEnd\"><strong>H\u00e5kon Odden<\/strong> \u2013 choreographer and dancer<\/p>\n<p class=\"isSelectedEnd\"><strong>\u00c5dne Kolbj\u00f8rnshus<\/strong> \u2013 co-creating dancer<\/p>\n<p class=\"isSelectedEnd\"><strong>Sindre Tronrud<\/strong> \u2013 musician and composer<\/p>\n<p>The performance is part of F\u00f8rdefestivalen\u2019s VestaFolk project and is supported by Vestland County Municipality and the Sparebankstiftinga Sogn og Fjordane foundation. The concerts at Hardanger Folk Museum are organised in collaboration with the Hardanger Folk Music Collection and with support from the Norwegian Arts Council.<\/p>\n","protected":false},"author":19,"featured_media":225346,"menu_order":0,"template":"","meta":{"_et_pb_use_builder":"","_et_pb_old_content":"","_et_gb_content_width":"","inline_featured_image":false},"tags":[1847,131,251,73,1846,75,208,662,47,822,76,1848,1849,81,1758],"event_type":[20,29],"event_type_2":[23,51],"class_list":["post-225348","ajde_events","type-ajde_events","status-publish","has-post-thumbnail","hentry","tag-adne-kolbjornshus","tag-arrangement","tag-folkedans","tag-folkemusikk","tag-hakon-odden","tag-hardanger","tag-hardanger-folkemuseum","tag-hardingfela-no","tag-hardingfele","tag-konsertscena","tag-kunst","tag-sindre-tronrud","tag-to-i-takt","tag-utne","tag-vestafolk","event_location-hardanger-folkemuseum","event_organizer-hardanger-folkemuseum","event_type-arrangement","event_type-konsert","event_type_2-framsida","event_type_2-hvm-framside"],"yoast_head":"<!-- This site is optimized with the Yoast SEO plugin v28.2 - https:\/\/yoast.com\/product\/yoast-seo-wordpress\/ -->\n<title>To i takt \/ In Step - Hardanger folkemuseum<\/title>\n<meta name=\"description\" content=\"Come and experience the folk dance performance To i takt at Hardanger Folk Museum on 25 September at 6:30 PM.\" \/>\n<meta name=\"robots\" content=\"index, follow, max-snippet:-1, max-image-preview:large, max-video-preview:-1\" \/>\n<link rel=\"canonical\" href=\"https:\/\/hardangerfolkemuseum.no\/program_\/to-i-takt-copy\/\" \/>\n<meta property=\"og:locale\" content=\"en_US\" \/>\n<meta property=\"og:type\" content=\"article\" \/>\n<meta property=\"og:title\" content=\"To i takt \/ In Step - Hardanger folkemuseum\" \/>\n<meta property=\"og:description\" content=\"Come and experience the folk dance performance To i takt at Hardanger Folk Museum on 25 September at 6:30 PM.\" \/>\n<meta property=\"og:url\" content=\"https:\/\/hardangerfolkemuseum.no\/program_\/to-i-takt-copy\/\" \/>\n<meta property=\"og:site_name\" content=\"Hardanger folkemuseum\" \/>\n<meta property=\"article:modified_time\" content=\"2026-08-31T11:16:51+00:00\" \/>\n<meta property=\"og:image\" content=\"https:\/\/hardangerfolkemuseum.no\/wp-content\/uploads\/2026\/08\/To-i-takt-scaled.jpg\" \/>\n\t<meta property=\"og:image:width\" content=\"2560\" \/>\n\t<meta property=\"og:image:height\" content=\"2049\" \/>\n\t<meta property=\"og:image:type\" content=\"image\/jpeg\" \/>\n<meta name=\"twitter:card\" content=\"summary_large_image\" \/>\n<meta name=\"twitter:label1\" content=\"Est. reading time\" \/>\n\t<meta name=\"twitter:data1\" content=\"2 minutes\" \/>\n<script type=\"application\/ld+json\" class=\"yoast-schema-graph\">{\"@context\":\"https:\\\/\\\/schema.org\",\"@graph\":[{\"@type\":\"WebPage\",\"@id\":\"https:\\\/\\\/hardangerfolkemuseum.no\\\/program_\\\/to-i-takt-copy\\\/\",\"url\":\"https:\\\/\\\/hardangerfolkemuseum.no\\\/program_\\\/to-i-takt-copy\\\/\",\"name\":\"To i takt \\\/ In Step - Hardanger folkemuseum\",\"isPartOf\":{\"@id\":\"https:\\\/\\\/hardangerfolkemuseum.no\\\/en\\\/#website\"},\"primaryImageOfPage\":{\"@id\":\"https:\\\/\\\/hardangerfolkemuseum.no\\\/program_\\\/to-i-takt-copy\\\/#primaryimage\"},\"image\":{\"@id\":\"https:\\\/\\\/hardangerfolkemuseum.no\\\/program_\\\/to-i-takt-copy\\\/#primaryimage\"},\"thumbnailUrl\":\"https:\\\/\\\/hardangerfolkemuseum.no\\\/wp-content\\\/uploads\\\/2026\\\/08\\\/To-i-takt-scaled.jpg\",\"datePublished\":\"2026-08-31T11:12:13+00:00\",\"dateModified\":\"2026-08-31T11:16:51+00:00\",\"description\":\"Come and experience the folk dance performance To i takt at Hardanger Folk Museum on 25 September at 6:30 PM.\",\"breadcrumb\":{\"@id\":\"https:\\\/\\\/hardangerfolkemuseum.no\\\/program_\\\/to-i-takt-copy\\\/#breadcrumb\"},\"inLanguage\":\"en-US\",\"potentialAction\":[{\"@type\":\"ReadAction\",\"target\":[\"https:\\\/\\\/hardangerfolkemuseum.no\\\/program_\\\/to-i-takt-copy\\\/\"]}]},{\"@type\":\"ImageObject\",\"inLanguage\":\"en-US\",\"@id\":\"https:\\\/\\\/hardangerfolkemuseum.no\\\/program_\\\/to-i-takt-copy\\\/#primaryimage\",\"url\":\"https:\\\/\\\/hardangerfolkemuseum.no\\\/wp-content\\\/uploads\\\/2026\\\/08\\\/To-i-takt-scaled.jpg\",\"contentUrl\":\"https:\\\/\\\/hardangerfolkemuseum.no\\\/wp-content\\\/uploads\\\/2026\\\/08\\\/To-i-takt-scaled.jpg\",\"width\":2560,\"height\":2049,\"caption\":\"H\u00e5kon Odden og \u00c5dne Kolbj\u00f8rnshus st\u00e5r p\u00e5 hender medan f\u00f8tene deiar m\u00f8tast. Sindre Tronrud sit mellom dei med hardingfela si.\"},{\"@type\":\"BreadcrumbList\",\"@id\":\"https:\\\/\\\/hardangerfolkemuseum.no\\\/program_\\\/to-i-takt-copy\\\/#breadcrumb\",\"itemListElement\":[{\"@type\":\"ListItem\",\"position\":1,\"name\":\"Hjem\",\"item\":\"https:\\\/\\\/hardangerfolkemuseum.no\\\/\"},{\"@type\":\"ListItem\",\"position\":2,\"name\":\"Program\",\"item\":\"https:\\\/\\\/hardangerfolkemuseum.no\\\/program_\\\/\"},{\"@type\":\"ListItem\",\"position\":3,\"name\":\"To i takt \\\/ In Step\"}]},{\"@type\":\"WebSite\",\"@id\":\"https:\\\/\\\/hardangerfolkemuseum.no\\\/en\\\/#website\",\"url\":\"https:\\\/\\\/hardangerfolkemuseum.no\\\/en\\\/\",\"name\":\"Hardanger folkemuseum\",\"description\":\"Ein del av Hardanger og Voss museum\",\"potentialAction\":[{\"@type\":\"SearchAction\",\"target\":{\"@type\":\"EntryPoint\",\"urlTemplate\":\"https:\\\/\\\/hardangerfolkemuseum.no\\\/en\\\/?s={search_term_string}\"},\"query-input\":{\"@type\":\"PropertyValueSpecification\",\"valueRequired\":true,\"valueName\":\"search_term_string\"}}],\"inLanguage\":\"en-US\"}]}<\/script>\n<!-- \/ Yoast SEO plugin. -->","yoast_head_json":{"title":"To i takt \/ In Step - Hardanger folkemuseum","description":"Come and experience the folk dance performance To i takt at Hardanger Folk Museum on 25 September at 6:30 PM.","robots":{"index":"index","follow":"follow","max-snippet":"max-snippet:-1","max-image-preview":"max-image-preview:large","max-video-preview":"max-video-preview:-1"},"canonical":"https:\/\/hardangerfolkemuseum.no\/program_\/to-i-takt-copy\/","og_locale":"en_US","og_type":"article","og_title":"To i takt \/ In Step - Hardanger folkemuseum","og_description":"Come and experience the folk dance performance To i takt at Hardanger Folk Museum on 25 September at 6:30 PM.","og_url":"https:\/\/hardangerfolkemuseum.no\/program_\/to-i-takt-copy\/","og_site_name":"Hardanger folkemuseum","article_modified_time":"2026-08-31T11:16:51+00:00","og_image":[{"width":2560,"height":2049,"url":"https:\/\/hardangerfolkemuseum.no\/wp-content\/uploads\/2026\/08\/To-i-takt-scaled.jpg","type":"image\/jpeg"}],"twitter_card":"summary_large_image","twitter_misc":{"Est. reading time":"2 minutes"},"schema":{"@context":"https:\/\/schema.org","@graph":[{"@type":"WebPage","@id":"https:\/\/hardangerfolkemuseum.no\/program_\/to-i-takt-copy\/","url":"https:\/\/hardangerfolkemuseum.no\/program_\/to-i-takt-copy\/","name":"To i takt \/ In Step - Hardanger folkemuseum","isPartOf":{"@id":"https:\/\/hardangerfolkemuseum.no\/en\/#website"},"primaryImageOfPage":{"@id":"https:\/\/hardangerfolkemuseum.no\/program_\/to-i-takt-copy\/#primaryimage"},"image":{"@id":"https:\/\/hardangerfolkemuseum.no\/program_\/to-i-takt-copy\/#primaryimage"},"thumbnailUrl":"https:\/\/hardangerfolkemuseum.no\/wp-content\/uploads\/2026\/08\/To-i-takt-scaled.jpg","datePublished":"2026-08-31T11:12:13+00:00","dateModified":"2026-08-31T11:16:51+00:00","description":"Come and experience the folk dance performance To i takt at Hardanger Folk Museum on 25 September at 6:30 PM.","breadcrumb":{"@id":"https:\/\/hardangerfolkemuseum.no\/program_\/to-i-takt-copy\/#breadcrumb"},"inLanguage":"en-US","potentialAction":[{"@type":"ReadAction","target":["https:\/\/hardangerfolkemuseum.no\/program_\/to-i-takt-copy\/"]}]},{"@type":"ImageObject","inLanguage":"en-US","@id":"https:\/\/hardangerfolkemuseum.no\/program_\/to-i-takt-copy\/#primaryimage","url":"https:\/\/hardangerfolkemuseum.no\/wp-content\/uploads\/2026\/08\/To-i-takt-scaled.jpg","contentUrl":"https:\/\/hardangerfolkemuseum.no\/wp-content\/uploads\/2026\/08\/To-i-takt-scaled.jpg","width":2560,"height":2049,"caption":"H\u00e5kon Odden og \u00c5dne Kolbj\u00f8rnshus st\u00e5r p\u00e5 hender medan f\u00f8tene deiar m\u00f8tast. Sindre Tronrud sit mellom dei med hardingfela si."},{"@type":"BreadcrumbList","@id":"https:\/\/hardangerfolkemuseum.no\/program_\/to-i-takt-copy\/#breadcrumb","itemListElement":[{"@type":"ListItem","position":1,"name":"Hjem","item":"https:\/\/hardangerfolkemuseum.no\/"},{"@type":"ListItem","position":2,"name":"Program","item":"https:\/\/hardangerfolkemuseum.no\/program_\/"},{"@type":"ListItem","position":3,"name":"To i takt \/ In Step"}]},{"@type":"WebSite","@id":"https:\/\/hardangerfolkemuseum.no\/en\/#website","url":"https:\/\/hardangerfolkemuseum.no\/en\/","name":"Hardanger folkemuseum","description":"Ein del av Hardanger og Voss museum","potentialAction":[{"@type":"SearchAction","target":{"@type":"EntryPoint","urlTemplate":"https:\/\/hardangerfolkemuseum.no\/en\/?s={search_term_string}"},"query-input":{"@type":"PropertyValueSpecification","valueRequired":true,"valueName":"search_term_string"}}],"inLanguage":"en-US"}]}},"_links":{"self":[{"href":"https:\/\/hardangerfolkemuseum.no\/en\/wp-json\/wp\/v2\/ajde_events\/225348","targetHints":{"allow":["GET"]}}],"collection":[{"href":"https:\/\/hardangerfolkemuseum.no\/en\/wp-json\/wp\/v2\/ajde_events"}],"about":[{"href":"https:\/\/hardangerfolkemuseum.no\/en\/wp-json\/wp\/v2\/types\/ajde_events"}],"author":[{"embeddable":true,"href":"https:\/\/hardangerfolkemuseum.no\/en\/wp-json\/wp\/v2\/users\/19"}],"wp:featuredmedia":[{"embeddable":true,"href":"https:\/\/hardangerfolkemuseum.no\/en\/wp-json\/wp\/v2\/media\/225346"}],"wp:attachment":[{"href":"https:\/\/hardangerfolkemuseum.no\/en\/wp-json\/wp\/v2\/media?parent=225348"}],"wp:term":[{"taxonomy":"post_tag","embeddable":true,"href":"https:\/\/hardangerfolkemuseum.no\/en\/wp-json\/wp\/v2\/tags?post=225348"},{"taxonomy":"event_type","embeddable":true,"href":"https:\/\/hardangerfolkemuseum.no\/en\/wp-json\/wp\/v2\/event_type?post=225348"},{"taxonomy":"event_type_2","embeddable":true,"href":"https:\/\/hardangerfolkemuseum.no\/en\/wp-json\/wp\/v2\/event_type_2?post=225348"}],"curies":[{"name":"wp","href":"https:\/\/api.w.org\/{rel}","templated":true}]}}

<h1>Dance Performance: <em>To i takt</em> (In Step)</h1>
<p class="isSelectedEnd">On Friday, 25 September at 6:30 PM, Hardanger Folk Museum is delighted to invite you to a dance performance in the main hall.</p>
<p class="isSelectedEnd"><em>To i takt</em> is an intimate and physical folk dance performance about the relationship between two young men. The encounter between the one who takes up space and the one who would rather disappear into the crowd is explored through halling, partner dancing and acrobatic interaction. In the contrast between being strong and being vulnerable, being visible and being invisible, a space for reflection opens up: Can we manage to find a shared rhythm, even when we are very different?</p>
<p class="isSelectedEnd">The performance is based on traditional folk dance and folk music and is suitable for all ages. The story is shaped by current and relevant events and genuine encounters that both challenge and move us. Perhaps it is about friendship. Perhaps about brotherhood. Perhaps about the struggles in life that you do not always have to face alone. Sometimes we have to fall in order to rise again stronger.</p>
<p class="isSelectedEnd">Do we dare to lose our own footing in order to support someone else who is in danger of losing theirs?</p>
<h3>Participants</h3>
<p class="isSelectedEnd"><strong>Håkon Odden</strong> – choreographer and dancer</p>
<p class="isSelectedEnd"><strong>Ådne Kolbjørnshus</strong> – co-creating dancer</p>
<p class="isSelectedEnd"><strong>Sindre Tronrud</strong> – musician and composer</p>
<p>The performance is part of Førdefestivalen’s VestaFolk project and is supported by Vestland County Municipality and the Sparebankstiftinga Sogn og Fjordane foundation. The concerts at Hardanger Folk Museum are organised in collaboration with the Hardanger Folk Music Collection and with support from the Norwegian Arts Council.</p>

<!-- This site is optimized with the Yoast SEO plugin v28.2 - https://yoast.com/product/yoast-seo-wordpress/ -->
<title>To i takt / In Step - Hardanger folkemuseum</title>
<meta name="description" content="Come and experience the folk dance performance To i takt at Hardanger Folk Museum on 25 September at 6:30 PM." />
<meta name="robots" content="index, follow, max-snippet:-1, max-image-preview:large, max-video-preview:-1" />
<link rel="canonical" href="https://hardangerfolkemuseum.no/program_/to-i-takt-copy/" />
<meta property="og:locale" content="en_US" />
<meta property="og:type" content="article" />
<meta property="og:title" content="To i takt / In Step - Hardanger folkemuseum" />
<meta property="og:description" content="Come and experience the folk dance performance To i takt at Hardanger Folk Museum on 25 September at 6:30 PM." />
<meta property="og:url" content="https://hardangerfolkemuseum.no/program_/to-i-takt-copy/" />
<meta property="og:site_name" content="Hardanger folkemuseum" />
<meta property="article:modified_time" content="2026-08-31T11:16:51+00:00" />
<meta property="og:image" content="https://hardangerfolkemuseum.no/wp-content/uploads/2026/08/To-i-takt-scaled.jpg" />
	<meta property="og:image:width" content="2560" />
	<meta property="og:image:height" content="2049" />
	<meta property="og:image:type" content="image/jpeg" />
<meta name="twitter:card" content="summary_large_image" />
<meta name="twitter:label1" content="Est. reading time" />
	<meta name="twitter:data1" content="2 minutes" />
<script type="application/ld+json" class="yoast-schema-graph">{"@context":"https:\/\/schema.org","@graph":[{"@type":"WebPage","@id":"https:\/\/hardangerfolkemuseum.no\/program_\/to-i-takt-copy\/","url":"https:\/\/hardangerfolkemuseum.no\/program_\/to-i-takt-copy\/","name":"To i takt \/ In Step - Hardanger folkemuseum","isPartOf":{"@id":"https:\/\/hardangerfolkemuseum.no\/en\/#website"},"primaryImageOfPage":{"@id":"https:\/\/hardangerfolkemuseum.no\/program_\/to-i-takt-copy\/#primaryimage"},"image":{"@id":"https:\/\/hardangerfolkemuseum.no\/program_\/to-i-takt-copy\/#primaryimage"},"thumbnailUrl":"https:\/\/hardangerfolkemuseum.no\/wp-content\/uploads\/2026\/08\/To-i-takt-scaled.jpg","datePublished":"2026-08-31T11:12:13+00:00","dateModified":"2026-08-31T11:16:51+00:00","description":"Come and experience the folk dance performance To i takt at Hardanger Folk Museum on 25 September at 6:30 PM.","breadcrumb":{"@id":"https:\/\/hardangerfolkemuseum.no\/program_\/to-i-takt-copy\/#breadcrumb"},"inLanguage":"en-US","potentialAction":[{"@type":"ReadAction","target":["https:\/\/hardangerfolkemuseum.no\/program_\/to-i-takt-copy\/"]}]},{"@type":"ImageObject","inLanguage":"en-US","@id":"https:\/\/hardangerfolkemuseum.no\/program_\/to-i-takt-copy\/#primaryimage","url":"https:\/\/hardangerfolkemuseum.no\/wp-content\/uploads\/2026\/08\/To-i-takt-scaled.jpg","contentUrl":"https:\/\/hardangerfolkemuseum.no\/wp-content\/uploads\/2026\/08\/To-i-takt-scaled.jpg","width":2560,"height":2049,"caption":"Håkon Odden og Ådne Kolbjørnshus står på hender medan føtene deiar møtast. Sindre Tronrud sit mellom dei med hardingfela si."},{"@type":"BreadcrumbList","@id":"https:\/\/hardangerfolkemuseum.no\/program_\/to-i-takt-copy\/#breadcrumb","itemListElement":[{"@type":"ListItem","position":1,"name":"Hjem","item":"https:\/\/hardangerfolkemuseum.no\/"},{"@type":"ListItem","position":2,"name":"Program","item":"https:\/\/hardangerfolkemuseum.no\/program_\/"},{"@type":"ListItem","position":3,"name":"To i takt \/ In Step"}]},{"@type":"WebSite","@id":"https:\/\/hardangerfolkemuseum.no\/en\/#website","url":"https:\/\/hardangerfolkemuseum.no\/en\/","name":"Hardanger folkemuseum","description":"Ein del av Hardanger og Voss museum","potentialAction":[{"@type":"SearchAction","target":{"@type":"EntryPoint","urlTemplate":"https:\/\/hardangerfolkemuseum.no\/en\/?s={search_term_string}"},"query-input":{"@type":"PropertyValueSpecification","valueRequired":true,"valueName":"search_term_string"}}],"inLanguage":"en-US"}]}</script>
<!-- / Yoast SEO plugin. -->

Håkon Odden og Ådne Kolbjørnshus står på hender medan føtene deiar møtast. Sindre Tronrud sit mellom dei med hardingfela si.
