{"id":218380,"date":"2025-04-15T10:23:24","date_gmt":"2025-04-15T08:23:24","guid":{"rendered":"https:\/\/hardangerfolkemuseum.no\/program_\/exhibition-opening-and-concert\/"},"modified":"2025-04-15T10:30:33","modified_gmt":"2025-04-15T08:30:33","slug":"exhibition-opening-and-concert","status":"publish","type":"ajde_events","link":"https:\/\/hardangerfolkemuseum.no\/en\/program_\/exhibition-opening-and-concert\/","title":{"rendered":"Exhibition Opening and Concert"},"content":{"rendered":"<h2 data-start=\"44\" data-end=\"70\">Exhibition and Concert<\/h2>\n<p class=\"\" data-start=\"72\" data-end=\"239\">Hardanger Folk Museum in Utne invites you to the opening of the exhibition <em data-start=\"147\" data-end=\"162\">Decoration on Wood<\/em> and a concert with Lajla Storli and Steinar Str\u00f8m, Sunday, May 4 at 3:30 PM.<\/p>\n<p class=\"\" data-start=\"241\" data-end=\"983\">This will be a concert where two traditions are equally represented, a fascinating encounter between the fiddler from Sigdal, Steinar Str\u00f8m, and the fiddler from Hardanger, Lajla Storli. Steinar and Lajla got to know each other in 2010 when Lajla moved from western to eastern Norway. Over the years, they have learned a lot from listening to each other\u2019s playing, which has been a great source of inspiration. Now they want to share their music with the audience and highlight what happens when two performing Hardanger fiddle players meet, each deeply rooted in their own tradition. They focus on showcasing tunes that are meaningful to them, and the audience may get to hear some musical interplay featuring sounds from both east and west.<\/p>\n<h3>Decoration on Wood<\/h3>\n<p>In the exhibition <a href=\"https:\/\/hardangerfolkemuseum.no\/en\/program_\/decoration-on-wood\/var\/ri-0.l-L2\/\"><em>Decoration on Wood<\/em><\/a> we have gathered a large selection of treasures from the museum\u2019s collections. Many of which have never been on public display before.<\/p>\n<p>Rose painting \u201crosemaling\u201d, geometric woodcarving \u201ckarveskurd\u201d, and pyrography \u201csvidekor\u201d can be found on a range of beautifully preserved objects from the 18th and 19th centuries. These items come from farms in the Hardangerfjord region and were once used in everyday life. The selection of decorated objects was far from random. Here, you will find ale bowls with horse-head handles, rose-painted bowls, and goblets with pyrography\u2014used for drinking beer at festive gatherings. Butter molds and raised serving dishes were also part of social occasions, brought to the farm in painted baskets along with porridge containers. Chests and boxes, used to store treasured belongings, were similarly decorated. The motifs in the decorations have deep historical roots, symbolizing fertility and abundance.<\/p>\n<p>Karveskurd is a form of wood carving in which the designs often consist of geometric patterns, such as circles and rosettes. Svidekor involves heating iron stamps in various geometric shapes and burning patterns into the wood. Both of these techniques are very old. Rosemaling however, gained widespread popularity from the late 18th century onward. It features stylized flowers and vines, as well as biblical scenes, exotic animals, and portraits. Many renowned rose painters worked in Hardanger, including Gunnar Arnfinnson Aarekol, whose works are prominently featured in the exhibition.<\/p>\n<p>The exhibition includes over 100 objects, all drawn from the museum\u2019s collections.<\/p>\n<p>&nbsp;<\/p>\n<p>&nbsp;<\/p>\n","protected":false},"author":19,"featured_media":218359,"menu_order":0,"template":"","meta":{"_et_pb_use_builder":"","_et_pb_old_content":"","_et_gb_content_width":"","inline_featured_image":false},"tags":[131,1789,75,208,637,662,47,822,76,844,1678,458,459,1790,81],"event_type":[20,29],"event_type_2":[23,51],"class_list":["post-218380","ajde_events","type-ajde_events","status-publish","has-post-thumbnail","hentry","tag-arrangement","tag-dekor-pa-tre","tag-hardanger","tag-hardanger-folkemuseum","tag-hardingfela","tag-hardingfela-no","tag-hardingfele","tag-konsertscena","tag-kunst","tag-kveding","tag-lajla-storli","tag-sang","tag-song","tag-steinar-strom","tag-utne","event_location-hardanger-folkemuseum","event_organizer-hardanger-folkemuseum","event_type-arrangement","event_type-konsert","event_type_2-framsida","event_type_2-hvm-framside"],"yoast_head":"<!-- This site is optimized with the Yoast SEO plugin v27.4 - https:\/\/yoast.com\/product\/yoast-seo-wordpress\/ -->\n<title>Exhibition Opening and Concert - Hardanger folkemuseum<\/title>\n<meta name=\"description\" content=\"Sundag 4. mai kl 15.30 opnar utstillinga &quot;Dekor p\u00e5 tre.&quot; Det vert og konsert med Lajla Storli og Steinar Str\u00f8m, samt open kaf\u00e9.\" \/>\n<meta name=\"robots\" content=\"index, follow, max-snippet:-1, max-image-preview:large, max-video-preview:-1\" \/>\n<link rel=\"canonical\" href=\"https:\/\/hardangerfolkemuseum.no\/program_\/exhibition-opening-and-concert\/\" \/>\n<meta property=\"og:locale\" content=\"en_US\" \/>\n<meta property=\"og:type\" content=\"article\" \/>\n<meta property=\"og:title\" content=\"Exhibition Opening and Concert - Hardanger folkemuseum\" \/>\n<meta property=\"og:description\" content=\"Sundag 4. mai kl 15.30 opnar utstillinga &quot;Dekor p\u00e5 tre.&quot; Det vert og konsert med Lajla Storli og Steinar Str\u00f8m, samt open kaf\u00e9.\" \/>\n<meta property=\"og:url\" content=\"https:\/\/hardangerfolkemuseum.no\/program_\/exhibition-opening-and-concert\/\" \/>\n<meta property=\"og:site_name\" content=\"Hardanger folkemuseum\" \/>\n<meta property=\"article:modified_time\" content=\"2025-04-15T08:30:33+00:00\" \/>\n<meta property=\"og:image\" content=\"https:\/\/hardangerfolkemuseum.no\/wp-content\/uploads\/2025\/04\/Lajla-og-Arne-utklipp.jpg\" \/>\n\t<meta property=\"og:image:width\" content=\"1414\" \/>\n\t<meta property=\"og:image:height\" content=\"1159\" \/>\n\t<meta property=\"og:image:type\" content=\"image\/jpeg\" \/>\n<meta name=\"twitter:card\" content=\"summary_large_image\" \/>\n<meta name=\"twitter:label1\" content=\"Est. reading time\" \/>\n\t<meta name=\"twitter:data1\" content=\"3 minutes\" \/>\n<script type=\"application\/ld+json\" class=\"yoast-schema-graph\">{\"@context\":\"https:\\\/\\\/schema.org\",\"@graph\":[{\"@type\":\"WebPage\",\"@id\":\"https:\\\/\\\/hardangerfolkemuseum.no\\\/program_\\\/exhibition-opening-and-concert\\\/\",\"url\":\"https:\\\/\\\/hardangerfolkemuseum.no\\\/program_\\\/exhibition-opening-and-concert\\\/\",\"name\":\"Exhibition Opening and Concert - Hardanger folkemuseum\",\"isPartOf\":{\"@id\":\"https:\\\/\\\/hardangerfolkemuseum.no\\\/en\\\/#website\"},\"primaryImageOfPage\":{\"@id\":\"https:\\\/\\\/hardangerfolkemuseum.no\\\/program_\\\/exhibition-opening-and-concert\\\/#primaryimage\"},\"image\":{\"@id\":\"https:\\\/\\\/hardangerfolkemuseum.no\\\/program_\\\/exhibition-opening-and-concert\\\/#primaryimage\"},\"thumbnailUrl\":\"https:\\\/\\\/hardangerfolkemuseum.no\\\/wp-content\\\/uploads\\\/2025\\\/04\\\/Lajla-og-Arne-utklipp.jpg\",\"datePublished\":\"2025-04-15T08:23:24+00:00\",\"dateModified\":\"2025-04-15T08:30:33+00:00\",\"description\":\"Sundag 4. mai kl 15.30 opnar utstillinga \\\"Dekor p\u00e5 tre.\\\" Det vert og konsert med Lajla Storli og Steinar Str\u00f8m, samt open kaf\u00e9.\",\"breadcrumb\":{\"@id\":\"https:\\\/\\\/hardangerfolkemuseum.no\\\/program_\\\/exhibition-opening-and-concert\\\/#breadcrumb\"},\"inLanguage\":\"en-US\",\"potentialAction\":[{\"@type\":\"ReadAction\",\"target\":[\"https:\\\/\\\/hardangerfolkemuseum.no\\\/program_\\\/exhibition-opening-and-concert\\\/\"]}]},{\"@type\":\"ImageObject\",\"inLanguage\":\"en-US\",\"@id\":\"https:\\\/\\\/hardangerfolkemuseum.no\\\/program_\\\/exhibition-opening-and-concert\\\/#primaryimage\",\"url\":\"https:\\\/\\\/hardangerfolkemuseum.no\\\/wp-content\\\/uploads\\\/2025\\\/04\\\/Lajla-og-Arne-utklipp.jpg\",\"contentUrl\":\"https:\\\/\\\/hardangerfolkemuseum.no\\\/wp-content\\\/uploads\\\/2025\\\/04\\\/Lajla-og-Arne-utklipp.jpg\",\"width\":1414,\"height\":1159,\"caption\":\"Steinar og Lajla med kvar si hardingfele.\"},{\"@type\":\"BreadcrumbList\",\"@id\":\"https:\\\/\\\/hardangerfolkemuseum.no\\\/program_\\\/exhibition-opening-and-concert\\\/#breadcrumb\",\"itemListElement\":[{\"@type\":\"ListItem\",\"position\":1,\"name\":\"Hjem\",\"item\":\"https:\\\/\\\/hardangerfolkemuseum.no\\\/en\\\/\"},{\"@type\":\"ListItem\",\"position\":2,\"name\":\"Program\",\"item\":\"https:\\\/\\\/hardangerfolkemuseum.no\\\/program_\\\/\"},{\"@type\":\"ListItem\",\"position\":3,\"name\":\"Exhibition Opening and Concert\"}]},{\"@type\":\"WebSite\",\"@id\":\"https:\\\/\\\/hardangerfolkemuseum.no\\\/en\\\/#website\",\"url\":\"https:\\\/\\\/hardangerfolkemuseum.no\\\/en\\\/\",\"name\":\"Hardanger folkemuseum\",\"description\":\"Ein del av Hardanger og Voss museum\",\"potentialAction\":[{\"@type\":\"SearchAction\",\"target\":{\"@type\":\"EntryPoint\",\"urlTemplate\":\"https:\\\/\\\/hardangerfolkemuseum.no\\\/en\\\/?s={search_term_string}\"},\"query-input\":{\"@type\":\"PropertyValueSpecification\",\"valueRequired\":true,\"valueName\":\"search_term_string\"}}],\"inLanguage\":\"en-US\"}]}<\/script>\n<!-- \/ Yoast SEO plugin. -->","yoast_head_json":{"title":"Exhibition Opening and Concert - Hardanger folkemuseum","description":"Sundag 4. mai kl 15.30 opnar utstillinga \"Dekor p\u00e5 tre.\" Det vert og konsert med Lajla Storli og Steinar Str\u00f8m, samt open kaf\u00e9.","robots":{"index":"index","follow":"follow","max-snippet":"max-snippet:-1","max-image-preview":"max-image-preview:large","max-video-preview":"max-video-preview:-1"},"canonical":"https:\/\/hardangerfolkemuseum.no\/program_\/exhibition-opening-and-concert\/","og_locale":"en_US","og_type":"article","og_title":"Exhibition Opening and Concert - Hardanger folkemuseum","og_description":"Sundag 4. mai kl 15.30 opnar utstillinga \"Dekor p\u00e5 tre.\" Det vert og konsert med Lajla Storli og Steinar Str\u00f8m, samt open kaf\u00e9.","og_url":"https:\/\/hardangerfolkemuseum.no\/program_\/exhibition-opening-and-concert\/","og_site_name":"Hardanger folkemuseum","article_modified_time":"2025-04-15T08:30:33+00:00","og_image":[{"width":1414,"height":1159,"url":"https:\/\/hardangerfolkemuseum.no\/wp-content\/uploads\/2025\/04\/Lajla-og-Arne-utklipp.jpg","type":"image\/jpeg"}],"twitter_card":"summary_large_image","twitter_misc":{"Est. reading time":"3 minutes"},"schema":{"@context":"https:\/\/schema.org","@graph":[{"@type":"WebPage","@id":"https:\/\/hardangerfolkemuseum.no\/program_\/exhibition-opening-and-concert\/","url":"https:\/\/hardangerfolkemuseum.no\/program_\/exhibition-opening-and-concert\/","name":"Exhibition Opening and Concert - Hardanger folkemuseum","isPartOf":{"@id":"https:\/\/hardangerfolkemuseum.no\/en\/#website"},"primaryImageOfPage":{"@id":"https:\/\/hardangerfolkemuseum.no\/program_\/exhibition-opening-and-concert\/#primaryimage"},"image":{"@id":"https:\/\/hardangerfolkemuseum.no\/program_\/exhibition-opening-and-concert\/#primaryimage"},"thumbnailUrl":"https:\/\/hardangerfolkemuseum.no\/wp-content\/uploads\/2025\/04\/Lajla-og-Arne-utklipp.jpg","datePublished":"2025-04-15T08:23:24+00:00","dateModified":"2025-04-15T08:30:33+00:00","description":"Sundag 4. mai kl 15.30 opnar utstillinga \"Dekor p\u00e5 tre.\" Det vert og konsert med Lajla Storli og Steinar Str\u00f8m, samt open kaf\u00e9.","breadcrumb":{"@id":"https:\/\/hardangerfolkemuseum.no\/program_\/exhibition-opening-and-concert\/#breadcrumb"},"inLanguage":"en-US","potentialAction":[{"@type":"ReadAction","target":["https:\/\/hardangerfolkemuseum.no\/program_\/exhibition-opening-and-concert\/"]}]},{"@type":"ImageObject","inLanguage":"en-US","@id":"https:\/\/hardangerfolkemuseum.no\/program_\/exhibition-opening-and-concert\/#primaryimage","url":"https:\/\/hardangerfolkemuseum.no\/wp-content\/uploads\/2025\/04\/Lajla-og-Arne-utklipp.jpg","contentUrl":"https:\/\/hardangerfolkemuseum.no\/wp-content\/uploads\/2025\/04\/Lajla-og-Arne-utklipp.jpg","width":1414,"height":1159,"caption":"Steinar og Lajla med kvar si hardingfele."},{"@type":"BreadcrumbList","@id":"https:\/\/hardangerfolkemuseum.no\/program_\/exhibition-opening-and-concert\/#breadcrumb","itemListElement":[{"@type":"ListItem","position":1,"name":"Hjem","item":"https:\/\/hardangerfolkemuseum.no\/en\/"},{"@type":"ListItem","position":2,"name":"Program","item":"https:\/\/hardangerfolkemuseum.no\/program_\/"},{"@type":"ListItem","position":3,"name":"Exhibition Opening and Concert"}]},{"@type":"WebSite","@id":"https:\/\/hardangerfolkemuseum.no\/en\/#website","url":"https:\/\/hardangerfolkemuseum.no\/en\/","name":"Hardanger folkemuseum","description":"Ein del av Hardanger og Voss museum","potentialAction":[{"@type":"SearchAction","target":{"@type":"EntryPoint","urlTemplate":"https:\/\/hardangerfolkemuseum.no\/en\/?s={search_term_string}"},"query-input":{"@type":"PropertyValueSpecification","valueRequired":true,"valueName":"search_term_string"}}],"inLanguage":"en-US"}]}},"_links":{"self":[{"href":"https:\/\/hardangerfolkemuseum.no\/en\/wp-json\/wp\/v2\/ajde_events\/218380","targetHints":{"allow":["GET"]}}],"collection":[{"href":"https:\/\/hardangerfolkemuseum.no\/en\/wp-json\/wp\/v2\/ajde_events"}],"about":[{"href":"https:\/\/hardangerfolkemuseum.no\/en\/wp-json\/wp\/v2\/types\/ajde_events"}],"author":[{"embeddable":true,"href":"https:\/\/hardangerfolkemuseum.no\/en\/wp-json\/wp\/v2\/users\/19"}],"wp:featuredmedia":[{"embeddable":true,"href":"https:\/\/hardangerfolkemuseum.no\/en\/wp-json\/wp\/v2\/media\/218359"}],"wp:attachment":[{"href":"https:\/\/hardangerfolkemuseum.no\/en\/wp-json\/wp\/v2\/media?parent=218380"}],"wp:term":[{"taxonomy":"post_tag","embeddable":true,"href":"https:\/\/hardangerfolkemuseum.no\/en\/wp-json\/wp\/v2\/tags?post=218380"},{"taxonomy":"event_type","embeddable":true,"href":"https:\/\/hardangerfolkemuseum.no\/en\/wp-json\/wp\/v2\/event_type?post=218380"},{"taxonomy":"event_type_2","embeddable":true,"href":"https:\/\/hardangerfolkemuseum.no\/en\/wp-json\/wp\/v2\/event_type_2?post=218380"}],"curies":[{"name":"wp","href":"https:\/\/api.w.org\/{rel}","templated":true}]}}

<h2 data-start="44" data-end="70">Exhibition and Concert</h2>
<p class="" data-start="72" data-end="239">Hardanger Folk Museum in Utne invites you to the opening of the exhibition <em data-start="147" data-end="162">Decoration on Wood</em> and a concert with Lajla Storli and Steinar Strøm, Sunday, May 4 at 3:30 PM.</p>
<p class="" data-start="241" data-end="983">This will be a concert where two traditions are equally represented, a fascinating encounter between the fiddler from Sigdal, Steinar Strøm, and the fiddler from Hardanger, Lajla Storli. Steinar and Lajla got to know each other in 2010 when Lajla moved from western to eastern Norway. Over the years, they have learned a lot from listening to each other’s playing, which has been a great source of inspiration. Now they want to share their music with the audience and highlight what happens when two performing Hardanger fiddle players meet, each deeply rooted in their own tradition. They focus on showcasing tunes that are meaningful to them, and the audience may get to hear some musical interplay featuring sounds from both east and west.</p>
<h3>Decoration on Wood</h3>
<p>In the exhibition <a href="https://hardangerfolkemuseum.no/en/program_/decoration-on-wood/var/ri-0.l-L2/"><em>Decoration on Wood</em></a> we have gathered a large selection of treasures from the museum’s collections. Many of which have never been on public display before.</p>
<p>Rose painting “rosemaling”, geometric woodcarving “karveskurd”, and pyrography “svidekor” can be found on a range of beautifully preserved objects from the 18th and 19th centuries. These items come from farms in the Hardangerfjord region and were once used in everyday life. The selection of decorated objects was far from random. Here, you will find ale bowls with horse-head handles, rose-painted bowls, and goblets with pyrography—used for drinking beer at festive gatherings. Butter molds and raised serving dishes were also part of social occasions, brought to the farm in painted baskets along with porridge containers. Chests and boxes, used to store treasured belongings, were similarly decorated. The motifs in the decorations have deep historical roots, symbolizing fertility and abundance.</p>
<p>Karveskurd is a form of wood carving in which the designs often consist of geometric patterns, such as circles and rosettes. Svidekor involves heating iron stamps in various geometric shapes and burning patterns into the wood. Both of these techniques are very old. Rosemaling however, gained widespread popularity from the late 18th century onward. It features stylized flowers and vines, as well as biblical scenes, exotic animals, and portraits. Many renowned rose painters worked in Hardanger, including Gunnar Arnfinnson Aarekol, whose works are prominently featured in the exhibition.</p>
<p>The exhibition includes over 100 objects, all drawn from the museum’s collections.</p>
<p>&nbsp;</p>
<p>&nbsp;</p>

<!-- This site is optimized with the Yoast SEO plugin v27.4 - https://yoast.com/product/yoast-seo-wordpress/ -->
<title>Exhibition Opening and Concert - Hardanger folkemuseum</title>
<meta name="description" content="Sundag 4. mai kl 15.30 opnar utstillinga &quot;Dekor på tre.&quot; Det vert og konsert med Lajla Storli og Steinar Strøm, samt open kafé." />
<meta name="robots" content="index, follow, max-snippet:-1, max-image-preview:large, max-video-preview:-1" />
<link rel="canonical" href="https://hardangerfolkemuseum.no/program_/exhibition-opening-and-concert/" />
<meta property="og:locale" content="en_US" />
<meta property="og:type" content="article" />
<meta property="og:title" content="Exhibition Opening and Concert - Hardanger folkemuseum" />
<meta property="og:description" content="Sundag 4. mai kl 15.30 opnar utstillinga &quot;Dekor på tre.&quot; Det vert og konsert med Lajla Storli og Steinar Strøm, samt open kafé." />
<meta property="og:url" content="https://hardangerfolkemuseum.no/program_/exhibition-opening-and-concert/" />
<meta property="og:site_name" content="Hardanger folkemuseum" />
<meta property="article:modified_time" content="2025-04-15T08:30:33+00:00" />
<meta property="og:image" content="https://hardangerfolkemuseum.no/wp-content/uploads/2025/04/Lajla-og-Arne-utklipp.jpg" />
	<meta property="og:image:width" content="1414" />
	<meta property="og:image:height" content="1159" />
	<meta property="og:image:type" content="image/jpeg" />
<meta name="twitter:card" content="summary_large_image" />
<meta name="twitter:label1" content="Est. reading time" />
	<meta name="twitter:data1" content="3 minutes" />
<script type="application/ld+json" class="yoast-schema-graph">{"@context":"https:\/\/schema.org","@graph":[{"@type":"WebPage","@id":"https:\/\/hardangerfolkemuseum.no\/program_\/exhibition-opening-and-concert\/","url":"https:\/\/hardangerfolkemuseum.no\/program_\/exhibition-opening-and-concert\/","name":"Exhibition Opening and Concert - Hardanger folkemuseum","isPartOf":{"@id":"https:\/\/hardangerfolkemuseum.no\/en\/#website"},"primaryImageOfPage":{"@id":"https:\/\/hardangerfolkemuseum.no\/program_\/exhibition-opening-and-concert\/#primaryimage"},"image":{"@id":"https:\/\/hardangerfolkemuseum.no\/program_\/exhibition-opening-and-concert\/#primaryimage"},"thumbnailUrl":"https:\/\/hardangerfolkemuseum.no\/wp-content\/uploads\/2025\/04\/Lajla-og-Arne-utklipp.jpg","datePublished":"2025-04-15T08:23:24+00:00","dateModified":"2025-04-15T08:30:33+00:00","description":"Sundag 4. mai kl 15.30 opnar utstillinga \"Dekor på tre.\" Det vert og konsert med Lajla Storli og Steinar Strøm, samt open kafé.","breadcrumb":{"@id":"https:\/\/hardangerfolkemuseum.no\/program_\/exhibition-opening-and-concert\/#breadcrumb"},"inLanguage":"en-US","potentialAction":[{"@type":"ReadAction","target":["https:\/\/hardangerfolkemuseum.no\/program_\/exhibition-opening-and-concert\/"]}]},{"@type":"ImageObject","inLanguage":"en-US","@id":"https:\/\/hardangerfolkemuseum.no\/program_\/exhibition-opening-and-concert\/#primaryimage","url":"https:\/\/hardangerfolkemuseum.no\/wp-content\/uploads\/2025\/04\/Lajla-og-Arne-utklipp.jpg","contentUrl":"https:\/\/hardangerfolkemuseum.no\/wp-content\/uploads\/2025\/04\/Lajla-og-Arne-utklipp.jpg","width":1414,"height":1159,"caption":"Steinar og Lajla med kvar si hardingfele."},{"@type":"BreadcrumbList","@id":"https:\/\/hardangerfolkemuseum.no\/program_\/exhibition-opening-and-concert\/#breadcrumb","itemListElement":[{"@type":"ListItem","position":1,"name":"Hjem","item":"https:\/\/hardangerfolkemuseum.no\/en\/"},{"@type":"ListItem","position":2,"name":"Program","item":"https:\/\/hardangerfolkemuseum.no\/program_\/"},{"@type":"ListItem","position":3,"name":"Exhibition Opening and Concert"}]},{"@type":"WebSite","@id":"https:\/\/hardangerfolkemuseum.no\/en\/#website","url":"https:\/\/hardangerfolkemuseum.no\/en\/","name":"Hardanger folkemuseum","description":"Ein del av Hardanger og Voss museum","potentialAction":[{"@type":"SearchAction","target":{"@type":"EntryPoint","urlTemplate":"https:\/\/hardangerfolkemuseum.no\/en\/?s={search_term_string}"},"query-input":{"@type":"PropertyValueSpecification","valueRequired":true,"valueName":"search_term_string"}}],"inLanguage":"en-US"}]}</script>
<!-- / Yoast SEO plugin. -->

Sundag 4. mai kl 15.30 opnar utstillinga "Dekor på tre." Det vert og konsert med Lajla Storli og Steinar Strøm, samt open kafé.
