{"id":209434,"date":"2019-09-23T14:02:33","date_gmt":"2019-09-23T13:02:33","guid":{"rendered":"https:\/\/hardangerfolkemuseum.no\/?post_type=ajde_events&#038;p=209434"},"modified":"2020-03-03T14:05:28","modified_gmt":"2020-03-03T13:05:28","slug":"jens-hauge-utsiktpunkt-og-goymestad","status":"publish","type":"ajde_events","link":"https:\/\/hardangerfolkemuseum.no\/en\/program_\/jens-hauge-utsiktpunkt-og-goymestad\/","title":{"rendered":"Jens Hauge &#8211; Utsiktspunkt og g\u00f8ymestad"},"content":{"rendered":"<p>I oktober opnar museet utstillinga \u00abUtsiktspunkt og g\u00f8ymestad\u00bb. Den tek utgangspunkt i ein bildeserie kunstfotograf Jens Hauge starta i 1988 d\u00e5 han oppdaga ei n\u00e6r falleferdig leikehytte i Vik i Sogn. Hauge reiste fleire gonger tilbake til den same hytta og tok bilete. Dette var dei fyrste av i alt 150 foto av ulike trehytter fr\u00e5 heile S\u00f8r-Norge. Utstillinga p\u00e5 Voss folkemuseum syner eit stort utval fr\u00e5 serien &#8211; inkludert hytter fr\u00e5 Voss.<\/p>\n<p>Sj\u00f8lv om utstillinga handlar om leikehytter er ikkje biletserien s\u00e6rskilt retta mot born som m\u00e5lgruppe. Hauge vil ikkje avsl\u00f8ra borna sin g\u00f8ymestad, ein stad som for mange born kanskje er den fyrste forsiktige lausrivinga fr\u00e5 heimen. Bileta i utstillinga er meir meint som ei \u00abminnebru\u00bb til publikum, fortel fotografen. Jens Hauge er oppteken av leikehyttene som fenomen, \u2013 av dei skulpturelle, arkitektoniske, kunstneriske, filosofiske og sosialantropologiske aspekta ein kan lesa fr\u00e5 dei.<\/p>\n","protected":false},"author":39,"featured_media":209503,"menu_order":0,"template":"","meta":{"_et_pb_use_builder":"off","_et_pb_old_content":"Sundag 6. oktober opnar Voss folkeuseum utstillinga Utsiktspunkt og g\u00f8ymestad.\r\n\r\nDenne tek utgangspunkt i ein bildeserie kunstfotograf Jens Hauge starta i 1988 d\u00e5 han oppdaga ei n\u00e6r falleferdig leikehytte i Vik i Sogn. Kunstfotografen reiste fleire gonger tilbake til den samme hytta og tok bilete. Dette var dei fyrste av i alt 150 foto av ulike trehytter fr\u00e5 heile s\u00f8r-Norge.\r\n\r\nUtstillinga p\u00e5 Voss folkemuseum syner eit stort utval fra serien - inkludert hytter fr\u00e5 Voss.\r\n\r\n<img src=\"https:\/\/vossfolkemuseum.no\/wp-content\/uploads\/sites\/8\/2019\/09\/Leikehytte-2-1-300x242.jpeg\" alt=\"\" width=\"300\" height=\"242\" class=\"alignnone size-medium wp-image-209439\" \/>","_et_gb_content_width":"","inline_featured_image":false},"tags":[362,34,363,56],"event_type":[46],"event_type_2":[23],"class_list":["post-209434","ajde_events","type-ajde_events","status-publish","has-post-thumbnail","hentry","tag-jens-hauge","tag-voss","tag-trehytte","tag-utstilling","event_location-voss-folkemuseum","event_organizer-voss-folkemuseum","event_type-utstilling","event_type_2-framsida"],"yoast_head":"<!-- This site is optimized with the Yoast SEO plugin v27.4 - https:\/\/yoast.com\/product\/yoast-seo-wordpress\/ -->\n<title>Jens Hauge - Utsiktspunkt og g\u00f8ymestad - Hardanger folkemuseum<\/title>\n<meta name=\"robots\" content=\"index, follow, max-snippet:-1, max-image-preview:large, max-video-preview:-1\" \/>\n<link rel=\"canonical\" href=\"https:\/\/hardangerfolkemuseum.no\/en\/program_\/jens-hauge-utsiktpunkt-og-goymestad\/\" \/>\n<meta property=\"og:locale\" content=\"en_US\" \/>\n<meta property=\"og:type\" content=\"article\" \/>\n<meta property=\"og:title\" content=\"Jens Hauge - Utsiktspunkt og g\u00f8ymestad - Hardanger folkemuseum\" \/>\n<meta property=\"og:description\" content=\"I oktober opnar museet utstillinga \u00abUtsiktspunkt og g\u00f8ymestad\u00bb. Den tek utgangspunkt i ein bildeserie kunstfotograf Jens Hauge starta i 1988 d\u00e5 han oppdaga ei n\u00e6r falleferdig leikehytte i Vik i Sogn. Hauge reiste fleire gonger tilbake til den same hytta og tok bilete. Dette var dei fyrste av i alt 150 foto av ulike trehytter [&hellip;]\" \/>\n<meta property=\"og:url\" content=\"https:\/\/hardangerfolkemuseum.no\/en\/program_\/jens-hauge-utsiktpunkt-og-goymestad\/\" \/>\n<meta property=\"og:site_name\" content=\"Hardanger folkemuseum\" \/>\n<meta property=\"article:modified_time\" content=\"2020-03-03T13:05:28+00:00\" \/>\n<meta property=\"og:image\" content=\"https:\/\/hardangerfolkemuseum.no\/wp-content\/uploads\/2019\/10\/Jens-Hauge-til-Voss-folkemuseum.jpg\" \/>\n\t<meta property=\"og:image:width\" content=\"768\" \/>\n\t<meta property=\"og:image:height\" content=\"768\" \/>\n\t<meta property=\"og:image:type\" content=\"image\/jpeg\" \/>\n<meta name=\"twitter:card\" content=\"summary_large_image\" \/>\n<meta name=\"twitter:label1\" content=\"Est. reading time\" \/>\n\t<meta name=\"twitter:data1\" content=\"1 minute\" \/>\n<script type=\"application\/ld+json\" class=\"yoast-schema-graph\">{\"@context\":\"https:\\\/\\\/schema.org\",\"@graph\":[{\"@type\":\"WebPage\",\"@id\":\"https:\\\/\\\/hardangerfolkemuseum.no\\\/en\\\/program_\\\/jens-hauge-utsiktpunkt-og-goymestad\\\/\",\"url\":\"https:\\\/\\\/hardangerfolkemuseum.no\\\/en\\\/program_\\\/jens-hauge-utsiktpunkt-og-goymestad\\\/\",\"name\":\"Jens Hauge - Utsiktspunkt og g\u00f8ymestad - Hardanger folkemuseum\",\"isPartOf\":{\"@id\":\"https:\\\/\\\/hardangerfolkemuseum.no\\\/en\\\/#website\"},\"primaryImageOfPage\":{\"@id\":\"https:\\\/\\\/hardangerfolkemuseum.no\\\/en\\\/program_\\\/jens-hauge-utsiktpunkt-og-goymestad\\\/#primaryimage\"},\"image\":{\"@id\":\"https:\\\/\\\/hardangerfolkemuseum.no\\\/en\\\/program_\\\/jens-hauge-utsiktpunkt-og-goymestad\\\/#primaryimage\"},\"thumbnailUrl\":\"https:\\\/\\\/hardangerfolkemuseum.no\\\/wp-content\\\/uploads\\\/2019\\\/10\\\/Jens-Hauge-til-Voss-folkemuseum.jpg\",\"datePublished\":\"2019-09-23T13:02:33+00:00\",\"dateModified\":\"2020-03-03T13:05:28+00:00\",\"breadcrumb\":{\"@id\":\"https:\\\/\\\/hardangerfolkemuseum.no\\\/en\\\/program_\\\/jens-hauge-utsiktpunkt-og-goymestad\\\/#breadcrumb\"},\"inLanguage\":\"en-US\",\"potentialAction\":[{\"@type\":\"ReadAction\",\"target\":[\"https:\\\/\\\/hardangerfolkemuseum.no\\\/en\\\/program_\\\/jens-hauge-utsiktpunkt-og-goymestad\\\/\"]}]},{\"@type\":\"ImageObject\",\"inLanguage\":\"en-US\",\"@id\":\"https:\\\/\\\/hardangerfolkemuseum.no\\\/en\\\/program_\\\/jens-hauge-utsiktpunkt-og-goymestad\\\/#primaryimage\",\"url\":\"https:\\\/\\\/hardangerfolkemuseum.no\\\/wp-content\\\/uploads\\\/2019\\\/10\\\/Jens-Hauge-til-Voss-folkemuseum.jpg\",\"contentUrl\":\"https:\\\/\\\/hardangerfolkemuseum.no\\\/wp-content\\\/uploads\\\/2019\\\/10\\\/Jens-Hauge-til-Voss-folkemuseum.jpg\",\"width\":768,\"height\":768},{\"@type\":\"BreadcrumbList\",\"@id\":\"https:\\\/\\\/hardangerfolkemuseum.no\\\/en\\\/program_\\\/jens-hauge-utsiktpunkt-og-goymestad\\\/#breadcrumb\",\"itemListElement\":[{\"@type\":\"ListItem\",\"position\":1,\"name\":\"Hjem\",\"item\":\"https:\\\/\\\/hardangerfolkemuseum.no\\\/en\\\/\"},{\"@type\":\"ListItem\",\"position\":2,\"name\":\"Program\",\"item\":\"https:\\\/\\\/hardangerfolkemuseum.no\\\/program_\\\/\"},{\"@type\":\"ListItem\",\"position\":3,\"name\":\"Jens Hauge &#8211; Utsiktspunkt og g\u00f8ymestad\"}]},{\"@type\":\"WebSite\",\"@id\":\"https:\\\/\\\/hardangerfolkemuseum.no\\\/en\\\/#website\",\"url\":\"https:\\\/\\\/hardangerfolkemuseum.no\\\/en\\\/\",\"name\":\"Hardanger folkemuseum\",\"description\":\"Ein del av Hardanger og Voss museum\",\"potentialAction\":[{\"@type\":\"SearchAction\",\"target\":{\"@type\":\"EntryPoint\",\"urlTemplate\":\"https:\\\/\\\/hardangerfolkemuseum.no\\\/en\\\/?s={search_term_string}\"},\"query-input\":{\"@type\":\"PropertyValueSpecification\",\"valueRequired\":true,\"valueName\":\"search_term_string\"}}],\"inLanguage\":\"en-US\"}]}<\/script>\n<!-- \/ Yoast SEO plugin. -->","yoast_head_json":{"title":"Jens Hauge - Utsiktspunkt og g\u00f8ymestad - Hardanger folkemuseum","robots":{"index":"index","follow":"follow","max-snippet":"max-snippet:-1","max-image-preview":"max-image-preview:large","max-video-preview":"max-video-preview:-1"},"canonical":"https:\/\/hardangerfolkemuseum.no\/en\/program_\/jens-hauge-utsiktpunkt-og-goymestad\/","og_locale":"en_US","og_type":"article","og_title":"Jens Hauge - Utsiktspunkt og g\u00f8ymestad - Hardanger folkemuseum","og_description":"I oktober opnar museet utstillinga \u00abUtsiktspunkt og g\u00f8ymestad\u00bb. Den tek utgangspunkt i ein bildeserie kunstfotograf Jens Hauge starta i 1988 d\u00e5 han oppdaga ei n\u00e6r falleferdig leikehytte i Vik i Sogn. Hauge reiste fleire gonger tilbake til den same hytta og tok bilete. Dette var dei fyrste av i alt 150 foto av ulike trehytter [&hellip;]","og_url":"https:\/\/hardangerfolkemuseum.no\/en\/program_\/jens-hauge-utsiktpunkt-og-goymestad\/","og_site_name":"Hardanger folkemuseum","article_modified_time":"2020-03-03T13:05:28+00:00","og_image":[{"width":768,"height":768,"url":"https:\/\/hardangerfolkemuseum.no\/wp-content\/uploads\/2019\/10\/Jens-Hauge-til-Voss-folkemuseum.jpg","type":"image\/jpeg"}],"twitter_card":"summary_large_image","twitter_misc":{"Est. reading time":"1 minute"},"schema":{"@context":"https:\/\/schema.org","@graph":[{"@type":"WebPage","@id":"https:\/\/hardangerfolkemuseum.no\/en\/program_\/jens-hauge-utsiktpunkt-og-goymestad\/","url":"https:\/\/hardangerfolkemuseum.no\/en\/program_\/jens-hauge-utsiktpunkt-og-goymestad\/","name":"Jens Hauge - Utsiktspunkt og g\u00f8ymestad - Hardanger folkemuseum","isPartOf":{"@id":"https:\/\/hardangerfolkemuseum.no\/en\/#website"},"primaryImageOfPage":{"@id":"https:\/\/hardangerfolkemuseum.no\/en\/program_\/jens-hauge-utsiktpunkt-og-goymestad\/#primaryimage"},"image":{"@id":"https:\/\/hardangerfolkemuseum.no\/en\/program_\/jens-hauge-utsiktpunkt-og-goymestad\/#primaryimage"},"thumbnailUrl":"https:\/\/hardangerfolkemuseum.no\/wp-content\/uploads\/2019\/10\/Jens-Hauge-til-Voss-folkemuseum.jpg","datePublished":"2019-09-23T13:02:33+00:00","dateModified":"2020-03-03T13:05:28+00:00","breadcrumb":{"@id":"https:\/\/hardangerfolkemuseum.no\/en\/program_\/jens-hauge-utsiktpunkt-og-goymestad\/#breadcrumb"},"inLanguage":"en-US","potentialAction":[{"@type":"ReadAction","target":["https:\/\/hardangerfolkemuseum.no\/en\/program_\/jens-hauge-utsiktpunkt-og-goymestad\/"]}]},{"@type":"ImageObject","inLanguage":"en-US","@id":"https:\/\/hardangerfolkemuseum.no\/en\/program_\/jens-hauge-utsiktpunkt-og-goymestad\/#primaryimage","url":"https:\/\/hardangerfolkemuseum.no\/wp-content\/uploads\/2019\/10\/Jens-Hauge-til-Voss-folkemuseum.jpg","contentUrl":"https:\/\/hardangerfolkemuseum.no\/wp-content\/uploads\/2019\/10\/Jens-Hauge-til-Voss-folkemuseum.jpg","width":768,"height":768},{"@type":"BreadcrumbList","@id":"https:\/\/hardangerfolkemuseum.no\/en\/program_\/jens-hauge-utsiktpunkt-og-goymestad\/#breadcrumb","itemListElement":[{"@type":"ListItem","position":1,"name":"Hjem","item":"https:\/\/hardangerfolkemuseum.no\/en\/"},{"@type":"ListItem","position":2,"name":"Program","item":"https:\/\/hardangerfolkemuseum.no\/program_\/"},{"@type":"ListItem","position":3,"name":"Jens Hauge &#8211; Utsiktspunkt og g\u00f8ymestad"}]},{"@type":"WebSite","@id":"https:\/\/hardangerfolkemuseum.no\/en\/#website","url":"https:\/\/hardangerfolkemuseum.no\/en\/","name":"Hardanger folkemuseum","description":"Ein del av Hardanger og Voss museum","potentialAction":[{"@type":"SearchAction","target":{"@type":"EntryPoint","urlTemplate":"https:\/\/hardangerfolkemuseum.no\/en\/?s={search_term_string}"},"query-input":{"@type":"PropertyValueSpecification","valueRequired":true,"valueName":"search_term_string"}}],"inLanguage":"en-US"}]}},"_links":{"self":[{"href":"https:\/\/hardangerfolkemuseum.no\/en\/wp-json\/wp\/v2\/ajde_events\/209434","targetHints":{"allow":["GET"]}}],"collection":[{"href":"https:\/\/hardangerfolkemuseum.no\/en\/wp-json\/wp\/v2\/ajde_events"}],"about":[{"href":"https:\/\/hardangerfolkemuseum.no\/en\/wp-json\/wp\/v2\/types\/ajde_events"}],"author":[{"embeddable":true,"href":"https:\/\/hardangerfolkemuseum.no\/en\/wp-json\/wp\/v2\/users\/39"}],"wp:featuredmedia":[{"embeddable":true,"href":"https:\/\/hardangerfolkemuseum.no\/en\/wp-json\/wp\/v2\/media\/209503"}],"wp:attachment":[{"href":"https:\/\/hardangerfolkemuseum.no\/en\/wp-json\/wp\/v2\/media?parent=209434"}],"wp:term":[{"taxonomy":"post_tag","embeddable":true,"href":"https:\/\/hardangerfolkemuseum.no\/en\/wp-json\/wp\/v2\/tags?post=209434"},{"taxonomy":"event_type","embeddable":true,"href":"https:\/\/hardangerfolkemuseum.no\/en\/wp-json\/wp\/v2\/event_type?post=209434"},{"taxonomy":"event_type_2","embeddable":true,"href":"https:\/\/hardangerfolkemuseum.no\/en\/wp-json\/wp\/v2\/event_type_2?post=209434"}],"curies":[{"name":"wp","href":"https:\/\/api.w.org\/{rel}","templated":true}]}}

Jens Hauge &#8211; Utsiktspunkt og gøymestad

<p>I oktober opnar museet utstillinga «Utsiktspunkt og gøymestad». Den tek utgangspunkt i ein bildeserie kunstfotograf Jens Hauge starta i 1988 då han oppdaga ei nær falleferdig leikehytte i Vik i Sogn. Hauge reiste fleire gonger tilbake til den same hytta og tok bilete. Dette var dei fyrste av i alt 150 foto av ulike trehytter frå heile Sør-Norge. Utstillinga på Voss folkemuseum syner eit stort utval frå serien &#8211; inkludert hytter frå Voss.</p>
<p>Sjølv om utstillinga handlar om leikehytter er ikkje biletserien særskilt retta mot born som målgruppe. Hauge vil ikkje avsløra borna sin gøymestad, ein stad som for mange born kanskje er den fyrste forsiktige lausrivinga frå heimen. Bileta i utstillinga er meir meint som ei «minnebru» til publikum, fortel fotografen. Jens Hauge er oppteken av leikehyttene som fenomen, – av dei skulpturelle, arkitektoniske, kunstneriske, filosofiske og sosialantropologiske aspekta ein kan lesa frå dei.</p>

Sundag 6. oktober opnar Voss folkeuseum utstillinga Utsiktspunkt og gøymestad.

Denne tek utgangspunkt i ein bildeserie kunstfotograf Jens Hauge starta i 1988 då han oppdaga ei nær falleferdig leikehytte i Vik i Sogn. Kunstfotografen reiste fleire gonger tilbake til den samme hytta og tok bilete. Dette var dei fyrste av i alt 150 foto av ulike trehytter frå heile sør-Norge.

Utstillinga på Voss folkemuseum syner eit stort utval fra serien - inkludert hytter frå Voss.

<img src="https://vossfolkemuseum.no/wp-content/uploads/sites/8/2019/09/Leikehytte-2-1-300x242.jpeg" alt="" width="300" height="242" class="alignnone size-medium wp-image-209439" />

<!-- This site is optimized with the Yoast SEO plugin v27.4 - https://yoast.com/product/yoast-seo-wordpress/ -->
<title>Jens Hauge - Utsiktspunkt og gøymestad - Hardanger folkemuseum</title>
<meta name="robots" content="index, follow, max-snippet:-1, max-image-preview:large, max-video-preview:-1" />
<link rel="canonical" href="https://hardangerfolkemuseum.no/en/program_/jens-hauge-utsiktpunkt-og-goymestad/" />
<meta property="og:locale" content="en_US" />
<meta property="og:type" content="article" />
<meta property="og:title" content="Jens Hauge - Utsiktspunkt og gøymestad - Hardanger folkemuseum" />
<meta property="og:description" content="I oktober opnar museet utstillinga «Utsiktspunkt og gøymestad». Den tek utgangspunkt i ein bildeserie kunstfotograf Jens Hauge starta i 1988 då han oppdaga ei nær falleferdig leikehytte i Vik i Sogn. Hauge reiste fleire gonger tilbake til den same hytta og tok bilete. Dette var dei fyrste av i alt 150 foto av ulike trehytter [&hellip;]" />
<meta property="og:url" content="https://hardangerfolkemuseum.no/en/program_/jens-hauge-utsiktpunkt-og-goymestad/" />
<meta property="og:site_name" content="Hardanger folkemuseum" />
<meta property="article:modified_time" content="2020-03-03T13:05:28+00:00" />
<meta property="og:image" content="https://hardangerfolkemuseum.no/wp-content/uploads/2019/10/Jens-Hauge-til-Voss-folkemuseum.jpg" />
	<meta property="og:image:width" content="768" />
	<meta property="og:image:height" content="768" />
	<meta property="og:image:type" content="image/jpeg" />
<meta name="twitter:card" content="summary_large_image" />
<meta name="twitter:label1" content="Est. reading time" />
	<meta name="twitter:data1" content="1 minute" />
<script type="application/ld+json" class="yoast-schema-graph">{"@context":"https:\/\/schema.org","@graph":[{"@type":"WebPage","@id":"https:\/\/hardangerfolkemuseum.no\/en\/program_\/jens-hauge-utsiktpunkt-og-goymestad\/","url":"https:\/\/hardangerfolkemuseum.no\/en\/program_\/jens-hauge-utsiktpunkt-og-goymestad\/","name":"Jens Hauge - Utsiktspunkt og gøymestad - Hardanger folkemuseum","isPartOf":{"@id":"https:\/\/hardangerfolkemuseum.no\/en\/#website"},"primaryImageOfPage":{"@id":"https:\/\/hardangerfolkemuseum.no\/en\/program_\/jens-hauge-utsiktpunkt-og-goymestad\/#primaryimage"},"image":{"@id":"https:\/\/hardangerfolkemuseum.no\/en\/program_\/jens-hauge-utsiktpunkt-og-goymestad\/#primaryimage"},"thumbnailUrl":"https:\/\/hardangerfolkemuseum.no\/wp-content\/uploads\/2019\/10\/Jens-Hauge-til-Voss-folkemuseum.jpg","datePublished":"2019-09-23T13:02:33+00:00","dateModified":"2020-03-03T13:05:28+00:00","breadcrumb":{"@id":"https:\/\/hardangerfolkemuseum.no\/en\/program_\/jens-hauge-utsiktpunkt-og-goymestad\/#breadcrumb"},"inLanguage":"en-US","potentialAction":[{"@type":"ReadAction","target":["https:\/\/hardangerfolkemuseum.no\/en\/program_\/jens-hauge-utsiktpunkt-og-goymestad\/"]}]},{"@type":"ImageObject","inLanguage":"en-US","@id":"https:\/\/hardangerfolkemuseum.no\/en\/program_\/jens-hauge-utsiktpunkt-og-goymestad\/#primaryimage","url":"https:\/\/hardangerfolkemuseum.no\/wp-content\/uploads\/2019\/10\/Jens-Hauge-til-Voss-folkemuseum.jpg","contentUrl":"https:\/\/hardangerfolkemuseum.no\/wp-content\/uploads\/2019\/10\/Jens-Hauge-til-Voss-folkemuseum.jpg","width":768,"height":768},{"@type":"BreadcrumbList","@id":"https:\/\/hardangerfolkemuseum.no\/en\/program_\/jens-hauge-utsiktpunkt-og-goymestad\/#breadcrumb","itemListElement":[{"@type":"ListItem","position":1,"name":"Hjem","item":"https:\/\/hardangerfolkemuseum.no\/en\/"},{"@type":"ListItem","position":2,"name":"Program","item":"https:\/\/hardangerfolkemuseum.no\/program_\/"},{"@type":"ListItem","position":3,"name":"Jens Hauge &#8211; Utsiktspunkt og gøymestad"}]},{"@type":"WebSite","@id":"https:\/\/hardangerfolkemuseum.no\/en\/#website","url":"https:\/\/hardangerfolkemuseum.no\/en\/","name":"Hardanger folkemuseum","description":"Ein del av Hardanger og Voss museum","potentialAction":[{"@type":"SearchAction","target":{"@type":"EntryPoint","urlTemplate":"https:\/\/hardangerfolkemuseum.no\/en\/?s={search_term_string}"},"query-input":{"@type":"PropertyValueSpecification","valueRequired":true,"valueName":"search_term_string"}}],"inLanguage":"en-US"}]}</script>
<!-- / Yoast SEO plugin. -->

Jens Hauge - Utsiktspunkt og gøymestad - Hardanger folkemuseum

I oktober opnar museet utstillinga «Utsiktspunkt og gøymestad». Den tek utgangspunkt i ein bildeserie kunstfotograf Jens Hauge starta i 1988 då han oppdaga ei nær falleferdig leikehytte i Vik i Sogn. Hauge reiste fleire gonger tilbake til den same hytta og tok bilete. Dette var dei fyrste av i alt 150 foto av ulike trehytter [&hellip;]
